is the ten thousands digit of 26186?
2
What is the units digit of 2875?
5
What is the hundreds digit of 4592?
5
What is the hundreds digit of 493?
4
What is the hundreds digit of 2297?
2
What is the hundreds digit of 1315?
3
What is the units digit of 33730?
0
What is the units digit of 6?
6
What is the units digit of 2180?
0
What is the units digit of 294?
4
What is the units digit of 20695?
5
What is the units digit of 1491?
1
What is the units digit of 73107?
7
What is the tens digit of 3178?
7
What is the tens digit of 96?
9
What is the units digit of 666?
6
What is the ten thousands digit of 21348?
2
What is the tens digit of 99?
9
What is the tens digit of 1155?
5
What is the hundreds digit of 667?
6
What is the tens digit of 134543?
4
What is the units digit of 40310?
0
What is the tens digit of 30286?
8
What is the ten thousands digit of 24469?
2
What is the hundreds digit of 77865?
8
What is the hundreds digit of 30309?
3
What is the units digit of 3316?
6
What is the units digit of 58428?
8
What is the hundreds digit of 97531?
5
What is the tens digit of 2645?
4
What is the tens digit of 913?
1
What is the hundreds digit of 995?
9
What is the hundred thousands digit of 133941?
1
What is the units digit of 17646?
6
What is the ten thousands digit of 26846?
2
What is the ten thousands digit of 35548?
3
What is the units digit of 33311?
1
What is the tens digit of 15122?
2
What is the units digit of 2337?
7
What is the ten thousands digit of 12890?
1
What is the tens digit of 7447?
4
What is the thousands digit of 2781?
2
What is the units digit of 2752?
2
What is the hundreds digit of 2239?
2
What is the tens digit of 48243?
4
What is the hundreds digit of 353?
3
What is the tens digit of 827?
2
What is the thousands digit of 67304?
7
What is the thousands digit of 21955?
1
What is the thousands digit of 6206?
6
What is the hundreds digit of 32364?
3
What is the thousands digit of 1127?
1
What is the tens digit of 674?
7
What is the units digit of 5471?
1
What is the hundreds digit of 9418?
4
What is the tens digit of 1147?
4
What is the thousands digit of 7805?
7
What is the thousands digit of 1797?
1
What is the hundreds digit of 2242?
2
What is the hundreds digit of 24354?
3
What is the tens digit of 2535?
3
What is the thousands digit of 162634?
2
What is the hundreds digit of 10678?
6
What is the ten thousands digit of 76512?
7
What is the units digit of 1901?
1
What is the thousands digit of 2857?
2
What is the hundreds digit of 3454?
4
What is the units digit of 122557?
7
What is the tens digit of 397?
9
What is the units digit of 656?
6
What is the thousands digit of 2221?
2
What is the hundreds digit of 1451?
4
What is the units digit of 27625?
5
What is the units digit of 320?
0
What is the hundreds digit of 41111?
1
What is the units digit of 3825?
5
What is the units digit of 12576?
6
What is the ten thousands digit of 19417?
1
What is the tens digit of 1416?
1
What is the units digit of 3611?
1
What is the units digit of 3471?
1
What is the units digit of 827?
7
What is the hundreds digit of 6298?
2
What is the ten thousands digit of 13191?
1
What is the units digit of 6039?
9
What is the hundreds digit of 3912?
9
What is the thousands digit of 11955?
1
What is the tens digit of 12241?
4
What is the units digit of 49664?
4
What is the tens digit of 6486?
8
What is the thousands digit of 9673?
9
What is the hundreds digit of 7315?
3
What is the units digit of 13163?
3
What is the ten thousands digit of 53411?
5
What is the thousands digit of 48407?
8
What is the units digit of 2447?
7
What is the tens digit of 33021?
2
What is the units digit of 17664?
4
What is the tens digit of 35085?
8
What is the thousands digit of 1125?
1
What is the units digit of 25?
5
What is the ten thousands digit of 157766?
5
What is the units digit of 1655?
5
What is the ten thousands digit of 52981?
5
What is the units digit of 497?
7
What is the tens digit of 666?
6
What is the hundreds digit of 1491?
4
What is the units digit of 77117?
7
What is the ten thousands digit of 13611?
1
What is the thousands digit of 25300?
5
What is the units digit of 5102?
2
What is the hundreds digit of 1221?
2
What is the units digit of 51?
1
What is the thousands digit of 2662?
2
What is the ten thousands digit of 94903?
9
What is the tens digit of 2382?
8
What is the hundreds digit of 113706?
7
What is the units digit of 157?
7
What is the hundreds digit of 693?
6
What is the units digit of 12372?
2
What is the tens digit of 3921?
2
What is the hundreds digit of 918?
9
What is the units digit of 1988?
8
What is the tens digit of 68188?
8
What is the tens digit of 2640?
4
What is the units digit of 483?
3
What is the thousands digit of 72503?
2
What is the tens digit of 23380?
8
What is the units digit of 653?
3
What is the hundreds digit of 67650?
6
What is the units digit of 19518?
8
What is the tens digit of 490?
9
What is the tens digit of 23?
2
What is the hundreds digit of 3953?
9
What is the units digit of 1063?
3
What is the hundreds digit of 103?
1
What is the units digit of 7793?
3
What is the thousands digit of 1326?
1
What is the tens digit of 2127?
2
What is the hundreds digit of 87238?
2
What is the tens digit of 3511?
1
What is the units digit of 3633?
3
What is the tens digit of 2439?
3
What is the thousands digit of 9250?
9
What is the units digit of 821?
1
What is the tens digit of 3079?
7
What is the thousands digit of 80911?
0
What is the hundreds digit of 382?
3
What is the hundreds digit of 36791?
7
What is the hundreds digit of 781?
7
What is the thousands digit of 47269?
7
What is the tens digit of 19874?
7
What is the tens digit of 618?
1
What is the hundreds digit of 73233?
2
What is the units digit of 149082?
2
What is the units digit of 2867?
7
What is the units digit of 2288?
8
What is the tens digit of 214?
1
What is the tens digit of 64993?
9
What is the tens digit of 464?
6
What is the units digit of 78428?
8
What is the tens digit of 323?
2
What is the thousands digit of 2859?
2
What is the hundreds digit of 27880?
8
What is the hundreds digit of 664?
6
What is the units digit of 13765?
5
What is the units digit of 1374?
4
What is the ten thousands digit of 24446?
2
What is the thousands digit of 29515?
9
What is the thousands digit of 1269?
1
What is the tens digit of 92642?
4
What is the tens digit of 3126?
2
What is the units digit of 77191?
1
What is the ten thousands digit of 10225?
1
What is the tens digit of 6060?
6
What is the tens digit of 68309?
0
What is the tens digit of 227?
2
What is the thousands digit of 45962?
5
What is the tens digit of 18031?
3
What is the ten thousands digit of 74388?
7
What is the units digit of 2398?
8
What is the units digit of 3272?
2
What is the ten thousands digit of 74373?
7
What is the units digit of 63986?
6
What is the units digit of 21864?
4
What is the hundreds digit of 39055?
0
What is the units digit of 3358?
8
What is the ten thousands digit of 12354?
1
What is the units digit of 1967?
7
What is the tens digit of 568?
6
What is the tens digit of 2009?
0
What is the tens digit of 10832?
3
What is the thousands digit of 13005?
3
What is the units digit of 179?
9
What is the hundreds digit of 247?
2
What is the units digit of 3136?
6
What is the hundreds digit of 1042?
0
What is the hundreds digit of 28787?
7
What is the hundreds digit of 6007?
0
What is the tens digit of 3387?
8
What is the thousands digit of 8947?
8
What is the units digit of 704?
4
What is the units digit of 4363?
3
What is the tens digit of 1496?
9
What is the units digit of 15117?
7
What is the thousands digit of 3423?
3
What is the tens digit of 199?
9
What is the units digit of 108100?
0
What is the tens digit of 123865?
6
What is the thousands digit of 9715?
9
What is the thousands digit of 3017?
3
What is the hundreds digit of 16402?
4
What is the tens digit of 44253?
5
What is the units digit of 175713?
3
What is the units digit of 34214?
4
What is the hundreds digit of 6883?
8
What is the units digit of 3553?
3
What is the tens digit of 12315?
1
What is the tens digit of 843?
4
What is the units digit of 2894?
4
What is the units digit of 1446?
6
What is the units digit of 431?
1
What is the tens 